{"id":356,"date":"2025-11-21T11:07:43","date_gmt":"2025-11-21T09:07:43","guid":{"rendered":"https:\/\/www.aglonasskola.edu.lv\/?page_id=356"},"modified":"2025-11-21T11:07:43","modified_gmt":"2025-11-21T09:07:43","slug":"nr-2024-1-lv01-ka122-sch-000229464-iepazistam-eiropas-pieredzi","status":"publish","type":"page","link":"https:\/\/www.aglonasskola.edu.lv\/?page_id=356","title":{"rendered":"Nr. 2024-1-LV01-KA122-SCH-000229464 \u201cIepaz\u012bstam Eiropas pieredzi\u201d"},"content":{"rendered":"\n<figure class=\"wp-block-image size-full\"><img loading=\"lazy\" decoding=\"async\" width=\"491\" height=\"103\" src=\"https:\/\/www.aglonasskola.edu.lv\/wp-content\/uploads\/2025\/11\/ES-1.png\" alt=\"\" class=\"wp-image-357\" srcset=\"https:\/\/www.aglonasskola.edu.lv\/wp-content\/uploads\/2025\/11\/ES-1.png 491w, https:\/\/www.aglonasskola.edu.lv\/wp-content\/uploads\/2025\/11\/ES-1-300x63.png 300w\" sizes=\"auto, (max-width: 491px) 100vw, 491px\" \/><\/figure>\n\n\n\n<p>Aglonas vidusskol\u0101 tiek \u012bstenots&nbsp; Erasmus+ programmas projekts<\/p>\n\n\n\n<p>&nbsp;Nr. 2024-1-LV01-KA122-SCH-000229464 \u201cIepaz\u012bstam Eiropas pieredzi\u201d<\/p>\n\n\n\n<p>Projekta \u012bsteno\u0161anas laiks: 01.09.2025.-28.02.2025.<\/p>\n\n\n\n<p>\u012astenojot projekta m\u0113r\u0137i \u201cIek\u013caujo\u0161\u0101s izgl\u012bt\u012bbas pieejas uzlabo\u0161ana Aglonas vidusskol\u0101, pilnveidojot pedago\u0123isko darbinieku prasmes un iepaz\u012bstot lab\u0101ko praksi Eirop\u0101\u201d, 3 pedagogi piedal\u012bj\u0101s Florenc\u0113, It\u0101lij\u0101 kursos \u201cWe all are special\u201d un 3 pedagogi \u201cDarba \u0113no\u0161an\u0101\u201d D\u0101nij\u0101,&nbsp; KL\u00d8VERMARKSKOLEN skol\u0101.<\/p>\n\n\n\n<p>\u012astenojot otru projekta m\u0113r\u0137i \u201cAglonas vidusskolas skol\u0113nu jaunu zin\u0101\u0161anu ieg\u016b\u0161ana par ES kult\u016bras mantojumu, jaunu prasmju apg\u016b\u0161ana, m\u0101coties kop\u0101 ar jaunie\u0161iem no partnerskol\u0101m Eirop\u0101\u201d, 10 vidusskolnieki un 2 skolot\u0101ji vienu ned\u0113\u013cu pavad\u012bja apmai\u0146as viz\u012bt\u0113 Istituto di Istruzione Secondaria Superiore, Lercara Friddi, It\u0101lij\u0101. Mobilit\u0101t\u0113 uz Grie\u0137iju, 4th General Lyceum of Katerin, dev\u0101s 10 pamatskolas skol\u0113ni un 2 pedagogi. Kursu un m\u0101c\u012bbu moibilit\u0101tes ir \u012bstenotas, tagad turpin\u0101s projekta rezult\u0101tu apkopo\u0161ana un nov\u0113rte\u0161ana.<\/p>\n\n\n\n<figure class=\"wp-block-image size-large\"><img loading=\"lazy\" decoding=\"async\" width=\"1024\" height=\"768\" src=\"https:\/\/www.aglonasskola.edu.lv\/wp-content\/uploads\/2025\/11\/4_diena_4-1-1024x768.jpg\" alt=\"\" class=\"wp-image-358\" srcset=\"https:\/\/www.aglonasskola.edu.lv\/wp-content\/uploads\/2025\/11\/4_diena_4-1-1024x768.jpg 1024w, https:\/\/www.aglonasskola.edu.lv\/wp-content\/uploads\/2025\/11\/4_diena_4-1-300x225.jpg 300w, https:\/\/www.aglonasskola.edu.lv\/wp-content\/uploads\/2025\/11\/4_diena_4-1-768x576.jpg 768w, https:\/\/www.aglonasskola.edu.lv\/wp-content\/uploads\/2025\/11\/4_diena_4-1.jpg 1280w\" sizes=\"auto, (max-width: 1024px) 100vw, 1024px\" \/><\/figure>\n","protected":false},"excerpt":{"rendered":"<p>Aglonas vidusskol\u0101 tiek \u012bstenots&nbsp; Erasmus+ programmas projekts &nbsp;Nr. 2024-1-LV01-KA122-SCH-000229464 \u201cIepaz\u012bstam Eiropas pieredzi\u201d Projekta \u012bsteno\u0161anas laiks: 01.09.2025.-28.02.2025. \u012astenojot projekta m\u0113r\u0137i \u201cIek\u013caujo\u0161\u0101s [&hellip;]<\/p>\n","protected":false},"author":2,"featured_media":0,"parent":0,"menu_order":0,"comment_status":"closed","ping_status":"closed","template":"","meta":{"site-sidebar-layout":"default","site-content-layout":"","ast-site-content-layout":"default","site-content-style":"default","site-sidebar-style":"default","ast-global-header-display":"","ast-banner-title-visibility":"","ast-main-header-display":"","ast-hfb-above-header-display":"","ast-hfb-below-header-display":"","ast-hfb-mobile-header-display":"","site-post-title":"","ast-breadcrumbs-content":"","ast-featured-img":"","footer-sml-layout":"","theme-transparent-header-meta":"","adv-header-id-meta":"","stick-header-meta":"","header-above-stick-meta":"","header-main-stick-meta":"","header-below-stick-meta":"","astra-migrate-meta-layouts":"default","ast-page-background-enabled":"default","ast-page-background-meta":{"desktop":{"background-color":"var(--ast-global-color-5)","background-image":"","background-repeat":"repeat","background-position":"center center","background-size":"auto","background-attachment":"scroll","background-type":"","background-media":"","overlay-type":"","overlay-color":"","overlay-opacity":"","overlay-gradient":""},"tablet":{"background-color":"","background-image":"","background-repeat":"repeat","background-position":"center center","background-size":"auto","background-attachment":"scroll","background-type":"","background-media":"","overlay-type":"","overlay-color":"","overlay-opacity":"","overlay-gradient":""},"mobile":{"background-color":"","background-image":"","background-repeat":"repeat","background-position":"center center","background-size":"auto","background-attachment":"scroll","background-type":"","background-media":"","overlay-type":"","overlay-color":"","overlay-opacity":"","overlay-gradient":""}},"ast-content-background-meta":{"desktop":{"background-color":"var(--ast-global-color-4)","background-image":"","background-repeat":"repeat","background-position":"center center","background-size":"auto","background-attachment":"scroll","background-type":"","background-media":"","overlay-type":"","overlay-color":"","overlay-opacity":"","overlay-gradient":""},"tablet":{"background-color":"var(--ast-global-color-4)","background-image":"","background-repeat":"repeat","background-position":"center center","background-size":"auto","background-attachment":"scroll","background-type":"","background-media":"","overlay-type":"","overlay-color":"","overlay-opacity":"","overlay-gradient":""},"mobile":{"background-color":"var(--ast-global-color-4)","background-image":"","background-repeat":"repeat","background-position":"center center","background-size":"auto","background-attachment":"scroll","background-type":"","background-media":"","overlay-type":"","overlay-color":"","overlay-opacity":"","overlay-gradient":""}},"footnotes":""},"class_list":["post-356","page","type-page","status-publish","hentry"],"_links":{"self":[{"href":"https:\/\/www.aglonasskola.edu.lv\/index.php?rest_route=\/wp\/v2\/pages\/356","targetHints":{"allow":["GET"]}}],"collection":[{"href":"https:\/\/www.aglonasskola.edu.lv\/index.php?rest_route=\/wp\/v2\/pages"}],"about":[{"href":"https:\/\/www.aglonasskola.edu.lv\/index.php?rest_route=\/wp\/v2\/types\/page"}],"author":[{"embeddable":true,"href":"https:\/\/www.aglonasskola.edu.lv\/index.php?rest_route=\/wp\/v2\/users\/2"}],"replies":[{"embeddable":true,"href":"https:\/\/www.aglonasskola.edu.lv\/index.php?rest_route=%2Fwp%2Fv2%2Fcomments&post=356"}],"version-history":[{"count":1,"href":"https:\/\/www.aglonasskola.edu.lv\/index.php?rest_route=\/wp\/v2\/pages\/356\/revisions"}],"predecessor-version":[{"id":359,"href":"https:\/\/www.aglonasskola.edu.lv\/index.php?rest_route=\/wp\/v2\/pages\/356\/revisions\/359"}],"wp:attachment":[{"href":"https:\/\/www.aglonasskola.edu.lv\/index.php?rest_route=%2Fwp%2Fv2%2Fmedia&parent=356"}],"curies":[{"name":"wp","href":"https:\/\/api.w.org\/{rel}","templated":true}]}}